der when 66 is divided by ((-68)/16)/((-1)/4).
15
Let h(t) = t**2 - 3*t. What is the remainder when h(-5) is divided by 11?
7
Let j be (-8 + 9)/(2/(-10)). What is the remainder when (-1)/((j + 2)/27) is divided by 5?
4
Let f = -112 - -73. What is the remainder when 51 is divided by ((-15)/(-9) - 2)*f?
12
Let g(v) = -v + 2. Let k be g(-8). Let i be ((-6)/5)/((-3)/k). Let u = i + 21. What is the remainder when u is divided by 9?
7
Let x(p) = -p**2 + 21*p - 42. Calculate the remainder when 3/(1/(-50)*-3) is divided by x(17).
24
Suppose 5*y = -o - 2*o + 227, -3*o = -y + 49. Calculate the remainder when y is divided by 16.
14
Suppose -c + 5 - 12 = 0. Let v(i) = i**2 + 7*i + 10. What is the remainder when v(c) is divided by 4?
2
Suppose k + 3*k + 64 = m, -5*m = -3*k - 65. Suppose -3 = -h - 12. Let l = h - k. What is the remainder when l is divided by 4?
2
Suppose -2*l + 2*g = -50, 0*l = l + 5*g - 43. Let n(s) = s**3 - 3*s**2 + 4*s - 2. Let u be (6/5)/((-4)/(-10)). What is the remainder when l is divided by n(u)?
8
Suppose 4*l + 15 = 3*p + 60, -p = -3*l + 40. Suppose 7*k = 3*k + 228. What is the remainder when k is divided by l?
12
Let t(j) = -j + 2. Let l be t(-9). Let w(d) = d**2 - 11*d + 12. Calculate the remainder when w(l) is divided by 5.
2
Suppose 3*z - 132 = 3*x - 0*x, 4*z - 3*x - 171 = 0. Calculate the remainder when 194 is divided by z.
38
Let o(t) = -3*t + 40. Calculate the remainder when 173 is divided by o(8).
13
Let o = 106 - 90. Calculate the remainder when 46 is divided by o.
14
Let w(i) = -i**2 - 9*i + 15. What is the remainder when (8/4)/(6/129) is divided by w(-8)?
20
Suppose 2*l - 26 - 76 = 0. Calculate the remainder when l is divided by 18.
15
Suppose 2*h - r - 11 = 0, r + r + 10 = 2*h. Let q be (-2)/((-4)/h) + -6. Calculate the remainder when -2 - 69/(q - 0) is divided by 11.
10
Suppose 4*x + 9 - 45 = 0. Calculate the remainder when 43 is divided by x.
7
Let j(r) be the first derivative of r**3/3 + r**2 + 5*r + 7. What is the remainder when 37 is divided by j(-5)?
17
Suppose 2*s - 7*s = 5*z - 120, 5*s + 130 = 5*z. Suppose -2*l - 36 = -3*l. Let p = l - z. Calculate the remainder when p is divided by 3.
2
Let i(o) = o**3 + 6*o**2 - 6*o - 7. What is the remainder when 55 is divided by i(-6)?
26
Let o be (-6)/(-1 - 2) + -3. Calculate the remainder when 37 is divided by (2 - 16)/(-1) + o.
11
What is the remainder when -2 - (-24 + 6/(-2)) is divided by 9?
7
Suppose 4 = -v + 11. Suppose -2*q + 4 = 3*k, -4*q + 3 - v = 0. Suppose -3*w = k*w - 190. What is the remainder when w is divided by 13?
12
Let f be 6/(-9) + (-16)/(-6). Calculate the remainder when (-5 - (f + -1))/(-2) is divided by 1.
0
Let n be ((-42)/(-4))/((-3)/8). Let k be 4/14 + (-48)/n. What is the remainder when 7 is divided by 0 - k - (0 - 5)?
1
Suppose 51 = -7*k + 10*k. Calculate the remainder when k is divided by 6.
5
Let o be (-19)/((-1*3)/3). Let h = o - 10. What is the remainder when 26 is divided by h?
8
Suppose -9*f = -12*f + 36. Calculate the remainder when 34 is divided by f.
10
Suppose 244*t - 30 = 229*t. Suppose 0 = -3*s - 5 + 26. Suppose -5*g + 5*c + 1 = -4, g = -5*c + s. Calculate the remainder when g is divided by t.
0
Let w = 7 - 5. Suppose -98 = -w*u - 0*u. Calculate the remainder when u is divided by 13.
10
Suppose -2*j = -3*l + 21, -l + 3*j = 4*l - 34. Suppose l*r - 220 = 30. Calculate the remainder when r is divided by 17.
16
Let y(q) = q**2 + 8*q - 4. Let a be y(-8). Let r = a + 18. Suppose 2 + r = o. Calculate the remainder when o is divided by 6.
4
Suppose 4*q = -23 + 111. Calculate the remainder when q is divided by 8.
6
Calculate the remainder when (1/1)/((-5)/(-545)) is divided by 28.
25
Suppose 50 = 4*o - 294. Calculate the remainder when o is divided by 22.
20
What is the remainder when (-6)/(-4)*472/12 is divided by 16?
11
Let z(d) = 5*d**3 + 5*d**2 - 3*d - 5. Let l(y) = 6*y**3 + 4*y**2 - 3*y - 4. Let q(i) = -6*l(i) + 7*z(i). What is the remainder when q(10) is divided by 12?
11
Let w(d) = -62*d. Let b = -12 + 28. Calculate the remainder when w(-1) is divided by b.
14
Suppose -3*s - 12 = -96. Calculate the remainder when s is divided by 10.
8
Suppose -6*d = -132 + 6. What is the remainder when d is divided by 5?
1
Let a = -46 - -40. Let v(h) = h**2 - 2*h + 5. Let r be v(5). Calculate the remainder when r/((-3)/(45/a)) is divided by 13.
11
Let s(y) = 3*y**2 - 2*y + 2. Let p be s(1). Calculate the remainder when 43 is divided by (-15 + p)*5/(-4).
13
Suppose 5 = v - 0, -3*v + 39 = -4*y. Let f = 18 + y. What is the remainder when 46 is divided by f?
10
Let n = 159 - 141. What is the remainder when 44 is divided by n?
8
Let d(t) = -2 - 2*t + 0 + 5 + 7*t + t**2. Calculate the remainder when (-3)/(1/(78/(-9))) is divided by d(-6).
8
Suppose 0*x + 3*x - 204 = 0. Suppose -2*t + x = 2*t. Calculate the remainder when 33 is divided by t.
16
Suppose 3 = 3*k - 0*k. Let c = 42 + -37. Let j = k + c. What is the remainder when j is divided by 4?
2
Let f be (-2)/(-6) + 51/9. Suppose f*z - 45 = z. Calculate the remainder when 17 is divided by z.
8
Let c(y) = y**2 - 7*y + 6. Suppose -2 - 10 = -2*f. Let p be c(f). Let h(z) = -z**3 - z**2 + z + 26. Calculate the remainder when h(p) is divided by 9.
8
Suppose -14*k + 192 = -6*k. What is the remainder when 45 is divided by k?
21
Let q(i) = -2*i + 3. What is the remainder when 38 is divided by q(-5)?
12
Let z = 22 + 16. What is the remainder when z is divided by 10?
8
Let z be ((-9)/6)/((-2)/(-12)). Let l = 13 - z. Suppose j - 10 - 2 = 0. Calculate the remainder when l is divided by j.
10
Let u be ((-8)/(-10))/(10/(-425)). Suppose 7 = -5*j + 2. Calculate the remainder when -1 - (u + (j - -1)) is divided by 17.
16
Suppose 4*s + 0*s = 24. Suppose -s = 3*l - 39. Calculate the remainder when l is divided by 4.
3
Let x be 0 + 2 + (49 - -1). Suppose l = -4*l - 20, 5*a - 3*l = x. What is the remainder when (-2)/8 - (-93)/4 is divided by a?
7
Calculate the remainder when 14 - 6 - (1 + 1) is divided by 3.
0
Suppose 3*f = -5*p + 459, 3*f - p - 326 = 151. Calculate the remainder when f is divided by 20.
18
What is the remainder when -3*(-2)/6 + 13 is divided by 8?
6
Suppose x + 3*x - 8 = 0. Suppose -b + x*b = 29. What is the remainder when b is divided by -1 + (-2)/((-2)/11)?
9
Let h be 2/(-2)*1*-2. Let t be ((-1)/h)/((-6)/(-240)). What is the remainder when 2 is divided by 3/(-5) + (-52)/t?
0
What is the remainder when (-6468)/(-28) + 0/1 is divided by 47?
43
Suppose 2*p = 3*p - 30. Suppose 8*a - 77 = a. Calculate the remainder when p is divided by a.
8
Suppose -2*a - 9 = 3*t, -a - t - 11 = -4. Let l(h) = 26*h**2 - h. What is the remainder when l(1) is divided by ((-26)/(-3))/((-8)/a)?
12
Let v(f) = 2*f - 3. Let g(z) = -z**2 + 3*z + 2. Let l be g(3). Suppose 5*x - 4*k = -2, 4*x + 4 + 0 = 4*k. What is the remainder when x is divided by v(l)?
0
Let o = -18 - -25. Calculate the remainder when o is divided by (14 + 1)*(-2)/(-12)*2.
2
Suppose 15*d - 189 = 141. Calculate the remainder when d is divided by 5.
2
Let h(j) = -j**2 - 7*j - 7. What is the remainder when 4/(-8) - 44/(-8) is divided by h(-5)?
2
What is the remainder when 1287/55 - (-2)/(-5) is divided by 12?
11
Let v(f) = -f**3 + 7*f**2 + 4*f - 5. Let x(y) = 7*y - 1. Let l be x(1). Calculate the remainder when v(l) is divided by 14.
13
Let a = 189 + -165. Calculate the remainder when 93 is divided by a.
21
Suppose 4 = -3*x + 1. Calculate the remainder when 2 is divided by 1*(x + 1 + 1).
0
Let z(y) = 24*y + 15. Calculate the remainder when z(3) is divided by 31.
25
Suppose 151 = 7*h - 10. Let t(n) = 34*n - 3. What is the remainder when t(2) is divided by h?
19
Let o(t) = 2*t - 1. Let l be (-3)/((-9)/537) + 3. Suppose -4*w - 90 = -3*d + 9, 5*d = w + l. What is the remainder when d is divided by o(7)?
11
Let m(v) = 8*v + 4. Let i be m(8). Suppose i = 3*t + 5*p + 2, 0 = -4*p + 12. Let x = 1 - -5. Calculate the remainder when t is divided by x.
5
Suppose 3*r = -2*r + 350. Let b(c) = c + 13. What is the remainder when r is divided by b(5)?
16
Suppose 11 + 1 = 3*w. Calculate the remainder when 5 is divided by w.
1
Suppose 89 = 3*g + x - 71, g - x = 48. Let z = 35 + -21. Calculate the remainder when g is divided by z.
10
Let o(w) = -w + 2. Calculate the remainder when o(-12) is d